{"id":1868,"date":"2024-05-20T20:30:31","date_gmt":"2024-05-20T18:30:31","guid":{"rendered":"https:\/\/hotelsacherbaden.com\/?page_id=1868"},"modified":"2024-05-23T15:06:29","modified_gmt":"2024-05-23T13:06:29","slug":"anreise","status":"publish","type":"page","link":"https:\/\/hotelsacherbaden.com\/en\/anreise\/","title":{"rendered":"Arrival"},"content":{"rendered":"<div class=\"wp-block-stackable-columns alignfull stk-block-columns stk-block stk-1a9029b\" data-block-id=\"1a9029b\"><style>.stk-1a9029b{margin-bottom:0px !important}<\/style><div class=\"stk-row stk-inner-blocks stk-block-content stk-content-align stk-1a9029b-column alignfull\">\n<div class=\"wp-block-stackable-column stk-block-column stk-column stk-block stk-771f764\" data-v=\"4\" data-block-id=\"771f764\"><style>.stk-771f764{align-self:flex-start !important}<\/style><div class=\"stk-column-wrapper stk-block-column__content stk-container stk-771f764-container stk--no-background stk--no-padding\"><div class=\"stk-block-content stk-inner-blocks stk-771f764-inner-blocks\">\n<div class=\"wp-block-stackable-columns alignfull stk-block-columns stk-block stk-523ef47\" data-block-id=\"523ef47\"><style>.stk-523ef47{margin-bottom:40px !important}.stk-523ef47-column{max-width:90% !important;--stk-column-gap:50px !important}<\/style><div class=\"stk-row stk-inner-blocks stk-block-content stk-content-align stk-523ef47-column\">\n<div class=\"wp-block-stackable-column stk-block-column stk-column stk-block stk-a07cb4b\" data-v=\"4\" data-block-id=\"a07cb4b\"><style>.stk-a07cb4b{align-self:flex-start !important;align-items:center !important;display:flex !important}<\/style><div class=\"stk-column-wrapper stk-block-column__content stk-container stk-a07cb4b-container stk--no-background stk--no-padding\"><div class=\"stk-block-content stk-inner-blocks stk-a07cb4b-inner-blocks\">\n<div class=\"wp-block-getwid-advanced-heading\" style=\"margin-bottom:0px;margin-top:0px\"><span class=\"wp-block-getwid-advanced-heading__content has-text-color has-palette-color-2-color\" style=\"text-align:center\"><\/span><\/div>\n\n\n\n<div class=\"wp-block-stackable-heading stk-block-heading stk-block-heading--v2 stk-block stk-0bd9275\" id=\"anreise-mit-dem-auto\" data-block-id=\"0bd9275\"><style>.stk-0bd9275{margin-bottom:0px !important}.stk-0bd9275 .stk-block-heading__text{font-size:3em !important;font-family:\"Great Vibes\",Sans-serif !important}@media screen and (max-width:999px){.stk-0bd9275 .stk-block-heading__text{font-size:3em !important}}<\/style><h2 class=\"stk-block-heading__text has-text-align-center\">Travelling by car<\/h2><\/div>\n\n\n\n<p class=\"has-text-align-center\"><strong><span style=\"color: var(--theme-palette-color-1, #DCA720);\" class=\"stk-highlight\">Vienna: <\/span><\/strong><br>45 min., approx. 40 km, A2 S\u00fcdautobahn to the Baden exit, then 7 kilometres to the Hotel Sacher Baden<\/p>\n\n\n\n<p class=\"has-text-align-center\"><strong><span style=\"color: var(--theme-palette-color-1, #DCA720);\" class=\"stk-highlight\">Austria:<\/span><\/strong><br>Eisenstadt: 30 min | Graz: 1h50 | Salzburg: 3h | Klagenfurt: 3h | Innsbruck: 5h10<\/p>\n\n\n\n<p class=\"has-text-align-center\"><strong><span style=\"color: var(--theme-palette-color-1, #DCA720);\" class=\"stk-highlight\">Foreign countries:<\/span><\/strong><br>Munich: 4h20 | Prague: 4h20 | Budapest: 3h | Bratislava: 1h10 | Maribor: 2h30 | Liechtenstein: 7h | Zurich 7h50<\/p>\n\n\n\n<p class=\"has-text-align-center\"><span style=\"color: var(--theme-palette-color-1, #DCA720);\" class=\"stk-highlight\"><strong>Parking<\/strong>:<\/span><br>Free outdoor parking is available during your stay.<\/p>\n\n\n\n<p class=\"has-text-align-center\"><strong><span style=\"color: var(--theme-palette-color-1, #DCA720);\" class=\"stk-highlight\">Worth knowing:<\/span><\/strong><br>Compulsory motorway tax sticker in Austria. Please note that vignettes are compulsory in Austria. This is mandatory on every motorway.<\/p>\n\n\n\n<div class=\"wp-block-stackable-button-group stk-block-button-group stk-block stk-7760b61\" data-block-id=\"7760b61\"><div class=\"stk-row stk-inner-blocks has-text-align-center stk-block-content stk-button-group\">\n<div class=\"wp-block-stackable-button stk-block-button has-text-align-center stk-block stk-a23e4a0\" data-block-id=\"a23e4a0\"><a class=\"stk-link stk-button stk--hover-effect-darken\" href=\"https:\/\/www.google.com\/maps\/place\/Hotel+Sacher+Baden\/@48.011619,16.204431,16z\/data=!4m21!1m11!3m10!1s0x476dba80106935ff:0x15b41be3b992e9c3!2sHotel+Sacher+Baden!5m2!4m1!1i2!8m2!3d48.0111451!4d16.2043882!10e1!16s%2Fg%2F1tnhx41b!3m8!1s0x476dba80106935ff:0x15b41be3b992e9c3!5m2!4m1!1i2!8m2!3d48.0111451!4d16.2043882!16s%2Fg%2F1tnhx41b?hl=de&amp;entry=ttu#:~:text=Info-,%EE%94%AE,-Routen%C2%ADplaner\" target=\"_blank\" rel=\"noreferrer noopener\"><span class=\"stk-button__inner-text\">to the route planner<\/span><\/a><\/div>\n<\/div><\/div>\n<\/div><\/div><\/div>\n\n\n\n<div class=\"wp-block-stackable-column stk-block-column stk-column stk-block stk-8db9532\" data-v=\"4\" data-block-id=\"8db9532\"><style>.stk-8db9532{align-self:flex-start !important}<\/style><div class=\"stk-column-wrapper stk-block-column__content stk-container stk-8db9532-container stk--no-background stk--no-padding\"><div class=\"stk-block-content stk-inner-blocks stk-8db9532-inner-blocks\">\n<div class=\"wp-block-stackable-heading stk-block-heading stk-block-heading--v2 stk-block stk-26fe74c\" id=\"anreise-mit-flug-bahn-bus\" data-block-id=\"26fe74c\"><style>.stk-26fe74c{margin-bottom:0px !important}.stk-26fe74c .stk-block-heading__text{font-size:3em !important;font-family:\"Great Vibes\",Sans-serif !important}@media screen and (max-width:999px){.stk-26fe74c .stk-block-heading__text{font-size:3em !important}}<\/style><h2 class=\"stk-block-heading__text has-text-align-center\">Travelling by flight\/train\/bus<\/h2><\/div>\n\n\n\n<p class=\"has-text-align-center\"><strong><span style=\"color: var(--theme-palette-color-1, #DCA720);\" class=\"stk-highlight\">Nearest Airport:<\/span><\/strong><br>Vienna Schwechat Airport, journey time to the hotel approx. 45 min.<\/p>\n\n\n\n<p class=\"has-text-align-center\"><strong><span style=\"color: var(--theme-palette-color-1, #DCA720);\" class=\"stk-highlight\">Nearest Station:<\/span><br><\/strong>Sollten Sie mit dem Zug anreisen, empfehlen wir als Endstation den Bahnhof Baden bei Wien. <\/p>\n\n\n\n<p class=\"has-text-align-center\"><strong><span style=\"color: var(--theme-palette-color-1, #DCA720);\" class=\"stk-highlight\">Nearest Bus Stop:<\/span><br><\/strong>The VOR bus runs directly right next to the hotel every 20 minutes.<br>You can explore the surrounding area with bus routes 300, 306 and 308 or travel directly to Vienna. <\/p>\n\n\n\n<p class=\"has-text-align-center\"><span style=\"color: var(--theme-palette-color-1, #DCA720);\" class=\"stk-highlight\"><strong>Nearest Tram<\/strong>:<\/span><br>The Badener Bahn station Josefsplatz takes you to Vienna city center, directly to the Vienna Opera.<\/p>\n\n\n\n<p class=\"has-text-align-center\">INFO: <a href=\"https:\/\/www.vor.at\/\" target=\"_blank\" rel=\"noreferrer noopener\">Verkehrsverbund Ost-Region (vor.at)<\/a><\/p>\n<\/div><\/div><\/div>\n<\/div><\/div>\n<\/div><\/div><\/div>\n<\/div><\/div>","protected":false},"excerpt":{"rendered":"<p>Anreise mit dem Auto Wien: 45 Min., ca. 40 km, A2 S\u00fcdautobahn bis zur Abfahrt Baden, dann 7 Kilometer bis zum Hotel Sacher Baden \u00d6sterreich:Eisenstadt: 30 min | Graz: 1h50 | Salzburg: 3h | Klagenfurt: 3h | Innsbruck: 5h10 Ausland:M\u00fcnchen: 4h20 | Prag: 4h20 | Budapest: 3h | Bratislava: 1h10 | Maribor: 2h30 | Liechtenstein: [&hellip;]<\/p>","protected":false},"author":4,"featured_media":0,"parent":0,"menu_order":0,"comment_status":"closed","ping_status":"closed","template":"","meta":{"_acf_changed":false,"footnotes":""},"class_list":["post-1868","page","type-page","status-publish","hentry"],"blocksy_meta":[],"acf":[],"_links":{"self":[{"href":"https:\/\/hotelsacherbaden.com\/en\/wp-json\/wp\/v2\/pages\/1868","targetHints":{"allow":["GET"]}}],"collection":[{"href":"https:\/\/hotelsacherbaden.com\/en\/wp-json\/wp\/v2\/pages"}],"about":[{"href":"https:\/\/hotelsacherbaden.com\/en\/wp-json\/wp\/v2\/types\/page"}],"author":[{"embeddable":true,"href":"https:\/\/hotelsacherbaden.com\/en\/wp-json\/wp\/v2\/users\/4"}],"replies":[{"embeddable":true,"href":"https:\/\/hotelsacherbaden.com\/en\/wp-json\/wp\/v2\/comments?post=1868"}],"version-history":[{"count":17,"href":"https:\/\/hotelsacherbaden.com\/en\/wp-json\/wp\/v2\/pages\/1868\/revisions"}],"predecessor-version":[{"id":2187,"href":"https:\/\/hotelsacherbaden.com\/en\/wp-json\/wp\/v2\/pages\/1868\/revisions\/2187"}],"wp:attachment":[{"href":"https:\/\/hotelsacherbaden.com\/en\/wp-json\/wp\/v2\/media?parent=1868"}],"curies":[{"name":"wp","href":"https:\/\/api.w.org\/{rel}","templated":true}]}}

<div class="wp-block-stackable-columns alignfull stk-block-columns stk-block stk-1a9029b" data-block-id="1a9029b"><style>.stk-1a9029b{margin-bottom:0px !important}</style><div class="stk-row stk-inner-blocks stk-block-content stk-content-align stk-1a9029b-column alignfull">
<div class="wp-block-stackable-column stk-block-column stk-column stk-block stk-771f764" data-v="4" data-block-id="771f764"><style>.stk-771f764{align-self:flex-start !important}</style><div class="stk-column-wrapper stk-block-column__content stk-container stk-771f764-container stk--no-background stk--no-padding"><div class="stk-block-content stk-inner-blocks stk-771f764-inner-blocks">
<div class="wp-block-stackable-columns alignfull stk-block-columns stk-block stk-523ef47" data-block-id="523ef47"><style>.stk-523ef47{margin-bottom:40px !important}.stk-523ef47-column{max-width:90% !important;--stk-column-gap:50px !important}</style><div class="stk-row stk-inner-blocks stk-block-content stk-content-align stk-523ef47-column">
<div class="wp-block-stackable-column stk-block-column stk-column stk-block stk-a07cb4b" data-v="4" data-block-id="a07cb4b"><style>.stk-a07cb4b{align-self:flex-start !important;align-items:center !important;display:flex !important}</style><div class="stk-column-wrapper stk-block-column__content stk-container stk-a07cb4b-container stk--no-background stk--no-padding"><div class="stk-block-content stk-inner-blocks stk-a07cb4b-inner-blocks">
<div class="wp-block-getwid-advanced-heading" style="margin-bottom:0px;margin-top:0px"><span class="wp-block-getwid-advanced-heading__content has-text-color has-palette-color-2-color" style="text-align:center"></span></div>



<div class="wp-block-stackable-heading stk-block-heading stk-block-heading--v2 stk-block stk-0bd9275" id="anreise-mit-dem-auto" data-block-id="0bd9275"><style>.stk-0bd9275{margin-bottom:0px !important}.stk-0bd9275 .stk-block-heading__text{font-size:3em !important;font-family:"Great Vibes",Sans-serif !important}@media screen and (max-width:999px){.stk-0bd9275 .stk-block-heading__text{font-size:3em !important}}</style><h2 class="stk-block-heading__text has-text-align-center">Travelling by car</h2></div>



<p class="has-text-align-center"><strong><span style="color: var(--theme-palette-color-1, #DCA720);" class="stk-highlight">Vienna: </span></strong><br>45 min., approx. 40 km, A2 Südautobahn to the Baden exit, then 7 kilometres to the Hotel Sacher Baden</p>



<p class="has-text-align-center"><strong><span style="color: var(--theme-palette-color-1, #DCA720);" class="stk-highlight">Austria:</span></strong><br>Eisenstadt: 30 min | Graz: 1h50 | Salzburg: 3h | Klagenfurt: 3h | Innsbruck: 5h10</p>



<p class="has-text-align-center"><strong><span style="color: var(--theme-palette-color-1, #DCA720);" class="stk-highlight">Foreign countries:</span></strong><br>Munich: 4h20 | Prague: 4h20 | Budapest: 3h | Bratislava: 1h10 | Maribor: 2h30 | Liechtenstein: 7h | Zurich 7h50</p>



<p class="has-text-align-center"><span style="color: var(--theme-palette-color-1, #DCA720);" class="stk-highlight"><strong>Parking</strong>:</span><br>Free outdoor parking is available during your stay.</p>



<p class="has-text-align-center"><strong><span style="color: var(--theme-palette-color-1, #DCA720);" class="stk-highlight">Worth knowing:</span></strong><br>Compulsory motorway tax sticker in Austria. Please note that vignettes are compulsory in Austria. This is mandatory on every motorway.</p>



<div class="wp-block-stackable-button-group stk-block-button-group stk-block stk-7760b61" data-block-id="7760b61"><div class="stk-row stk-inner-blocks has-text-align-center stk-block-content stk-button-group">
<div class="wp-block-stackable-button stk-block-button has-text-align-center stk-block stk-a23e4a0" data-block-id="a23e4a0"><a class="stk-link stk-button stk--hover-effect-darken" href="https://www.google.com/maps/place/Hotel+Sacher+Baden/@48.011619,16.204431,16z/data=!4m21!1m11!3m10!1s0x476dba80106935ff:0x15b41be3b992e9c3!2sHotel+Sacher+Baden!5m2!4m1!1i2!8m2!3d48.0111451!4d16.2043882!10e1!16s%2Fg%2F1tnhx41b!3m8!1s0x476dba80106935ff:0x15b41be3b992e9c3!5m2!4m1!1i2!8m2!3d48.0111451!4d16.2043882!16s%2Fg%2F1tnhx41b?hl=de&amp;entry=ttu#:~:text=Info-,%EE%94%AE,-Routen%C2%ADplaner" target="_blank" rel="noreferrer noopener"><span class="stk-button__inner-text">to the route planner</span></a></div>
</div></div>
</div></div></div>



<div class="wp-block-stackable-column stk-block-column stk-column stk-block stk-8db9532" data-v="4" data-block-id="8db9532"><style>.stk-8db9532{align-self:flex-start !important}</style><div class="stk-column-wrapper stk-block-column__content stk-container stk-8db9532-container stk--no-background stk--no-padding"><div class="stk-block-content stk-inner-blocks stk-8db9532-inner-blocks">
<div class="wp-block-stackable-heading stk-block-heading stk-block-heading--v2 stk-block stk-26fe74c" id="anreise-mit-flug-bahn-bus" data-block-id="26fe74c"><style>.stk-26fe74c{margin-bottom:0px !important}.stk-26fe74c .stk-block-heading__text{font-size:3em !important;font-family:"Great Vibes",Sans-serif !important}@media screen and (max-width:999px){.stk-26fe74c .stk-block-heading__text{font-size:3em !important}}</style><h2 class="stk-block-heading__text has-text-align-center">Travelling by flight/train/bus</h2></div>



<p class="has-text-align-center"><strong><span style="color: var(--theme-palette-color-1, #DCA720);" class="stk-highlight">Nearest Airport:</span></strong><br>Vienna Schwechat Airport, journey time to the hotel approx. 45 min.</p>



<p class="has-text-align-center"><strong><span style="color: var(--theme-palette-color-1, #DCA720);" class="stk-highlight">Nearest Station:</span><br></strong>Sollten Sie mit dem Zug anreisen, empfehlen wir als Endstation den Bahnhof Baden bei Wien. </p>



<p class="has-text-align-center"><strong><span style="color: var(--theme-palette-color-1, #DCA720);" class="stk-highlight">Nearest Bus Stop:</span><br></strong>The VOR bus runs directly right next to the hotel every 20 minutes.<br>You can explore the surrounding area with bus routes 300, 306 and 308 or travel directly to Vienna. </p>



<p class="has-text-align-center"><span style="color: var(--theme-palette-color-1, #DCA720);" class="stk-highlight"><strong>Nearest Tram</strong>:</span><br>The Badener Bahn station Josefsplatz takes you to Vienna city center, directly to the Vienna Opera.</p>



<p class="has-text-align-center">INFO: <a href="https://www.vor.at/" target="_blank" rel="noreferrer noopener">Verkehrsverbund Ost-Region (vor.at)</a></p>
</div></div></div>
</div></div>
</div></div></div>
</div></div>

<p>Anreise mit dem Auto Wien: 45 Min., ca. 40 km, A2 Südautobahn bis zur Abfahrt Baden, dann 7 Kilometer bis zum Hotel Sacher Baden Österreich:Eisenstadt: 30 min | Graz: 1h50 | Salzburg: 3h | Klagenfurt: 3h | Innsbruck: 5h10 Ausland:München: 4h20 | Prag: 4h20 | Budapest: 3h | Bratislava: 1h10 | Maribor: 2h30 | Liechtenstein: [&hellip;]</p>
