{"id":3243,"date":"2025-11-22T17:13:25","date_gmt":"2025-11-22T16:13:25","guid":{"rendered":"https:\/\/hotelsacherbaden.com\/?page_id=3243"},"modified":"2026-02-17T15:16:14","modified_gmt":"2026-02-17T14:16:14","slug":"neujahrsfasten-im-hotel-sacher-baden","status":"publish","type":"page","link":"https:\/\/hotelsacherbaden.com\/en\/neujahrsfasten-im-hotel-sacher-baden\/","title":{"rendered":"Neujahrsfasten im Hotel Sacher Baden"},"content":{"rendered":"<div class=\"wp-block-stackable-columns alignfull stk-block-columns stk-block stk-c5c3074 stk-block-background\" data-block-id=\"c5c3074\"><style>.stk-c5c3074 .stk--block-align-c5c3074{align-items:center !important;}.stk-c5c3074 {background-color:#00000000 !important;align-items:center !important;margin-bottom:0px !important;display:flex !important;}.stk-c5c3074:before{background-color:#00000000 !important;}.stk-c5c3074-column{--stk-columns-spacing:0px !important;}<\/style><div class=\"stk-row stk-inner-blocks has-text-align-left stk--block-align-c5c3074 stk-block-content stk-content-align stk-c5c3074-column alignfull\">\n<div class=\"wp-block-stackable-column stk-block-column stk-column stk-block stk-ba90a80\" data-v=\"4\" data-block-id=\"ba90a80\"><style>.stk-ba90a80 {align-self:center !important;}<\/style><div class=\"stk-column-wrapper stk-block-column__content stk-container stk-ba90a80-container stk--no-background stk--no-padding\"><div class=\"stk-block-content stk-inner-blocks stk-ba90a80-inner-blocks\">\n<div class=\"wp-block-stackable-columns stk-block-columns stk-block stk-68d6bd4\" data-block-id=\"68d6bd4\"><style>.stk-68d6bd4 .stk--block-align-68d6bd4{align-items:center !important;}.stk-68d6bd4-column{--stk-column-gap:48px !important;}<\/style><div class=\"stk-row stk-inner-blocks stk--block-align-68d6bd4 stk-block-content stk-content-align stk-68d6bd4-column\">\n<div class=\"wp-block-stackable-column stk-block-column stk-column stk-block stk-ab7e65a\" data-v=\"4\" data-block-id=\"ab7e65a\"><style>.stk-ab7e65a {align-self:flex-start !important;}<\/style><div class=\"stk-column-wrapper stk-block-column__content stk-container stk-ab7e65a-container stk--no-background stk--no-padding\"><div class=\"stk-block-content stk-inner-blocks stk-ab7e65a-inner-blocks\">\n<figure class=\"wp-block-image size-full\"><img loading=\"lazy\" decoding=\"async\" width=\"2560\" height=\"2146\" src=\"https:\/\/hotelsacherbaden.com\/wp-content\/uploads\/2026\/02\/2026-04-19-Fastenwoche-FB-scaled.jpg\" alt=\"Hotel Sacher Baden\" class=\"wp-image-3385\" title=\"\" srcset=\"https:\/\/hotelsacherbaden.com\/wp-content\/uploads\/2026\/02\/2026-04-19-Fastenwoche-FB-scaled.jpg 2560w, https:\/\/hotelsacherbaden.com\/wp-content\/uploads\/2026\/02\/2026-04-19-Fastenwoche-FB-300x251.jpg 300w, https:\/\/hotelsacherbaden.com\/wp-content\/uploads\/2026\/02\/2026-04-19-Fastenwoche-FB-1024x858.jpg 1024w, https:\/\/hotelsacherbaden.com\/wp-content\/uploads\/2026\/02\/2026-04-19-Fastenwoche-FB-768x644.jpg 768w, https:\/\/hotelsacherbaden.com\/wp-content\/uploads\/2026\/02\/2026-04-19-Fastenwoche-FB-1536x1288.jpg 1536w, https:\/\/hotelsacherbaden.com\/wp-content\/uploads\/2026\/02\/2026-04-19-Fastenwoche-FB-2048x1717.jpg 2048w, https:\/\/hotelsacherbaden.com\/wp-content\/uploads\/2026\/02\/2026-04-19-Fastenwoche-FB-14x12.jpg 14w\" sizes=\"auto, (max-width: 2560px) 100vw, 2560px\" \/><\/figure>\n<\/div><\/div><\/div>\n\n\n\n<div class=\"wp-block-stackable-column stk-block-column stk-column stk-block stk-e7dd76b\" data-v=\"4\" data-block-id=\"e7dd76b\"><div class=\"stk-column-wrapper stk-block-column__content stk-container stk-e7dd76b-container stk--no-background stk--no-padding\"><div class=\"stk-block-content stk-inner-blocks stk-e7dd76b-inner-blocks\">\n<div class=\"wp-block-stackable-columns stk-block-columns stk-block stk-de92acc\" data-block-id=\"de92acc\"><style>.stk-de92acc {margin-bottom:0px !important;}.stk-de92acc-column{--stk-columns-spacing:0px !important;}<\/style><div class=\"stk-row stk-inner-blocks stk-block-content stk-content-align stk-de92acc-column\">\n<div class=\"wp-block-stackable-column stk-block-column stk-column stk-block stk-4915d79\" data-v=\"4\" data-block-id=\"4915d79\"><style>.stk-4915d79 {align-self:center !important;}<\/style><div class=\"stk-column-wrapper stk-block-column__content stk-container stk-4915d79-container stk--no-background stk--no-padding\"><div class=\"stk-block-content stk-inner-blocks stk-4915d79-inner-blocks\">\n<div class=\"wp-block-stackable-heading stk-block-heading stk-block-heading--v2 stk-block stk-7068ac3\" id=\"ideale-vorbereitung-auf-den-sommer\" data-block-id=\"7068ac3\"><style>.stk-7068ac3 .stk-block-heading__text{font-size:3em !important;font-family:\"Great Vibes\", Sans-serif !important;}@media screen and (max-width:999px){.stk-7068ac3 .stk-block-heading__text{font-size:3em !important;}}<\/style><h2 class=\"stk-block-heading__text\">Ideal preparation for summer<\/h2><\/div>\n<\/div><\/div><\/div>\n<\/div><\/div>\n\n\n\n<div class=\"wp-block-stackable-columns stk-block-columns stk-block stk-07788c5\" data-block-id=\"07788c5\"><div class=\"stk-row stk-inner-blocks stk-block-content stk-content-align stk-07788c5-column\">\n<div class=\"wp-block-stackable-column stk-block-column stk-column stk-block stk-80fbf21\" data-v=\"4\" data-block-id=\"80fbf21\"><div class=\"stk-column-wrapper stk-block-column__content stk-container stk-80fbf21-container stk--no-background stk--no-padding\"><div class=\"stk-block-content stk-inner-blocks stk-80fbf21-inner-blocks\">\n<p>The combination of classic Buchinger fasting (juices, vegetable broths, tea, water) and complementary impulses according to Anthony Williams (celery juice inspiration, gentle liver relief) enables a gentle yet profound restart. The guided fasting week serves to relieve stress, promote inner focus, slow down, and regenerate.<\/p>\n\n\n\n<p>Treat yourself to this break for your health! We look forward to seeing you!<\/p>\n\n\n\n<p><strong>Fasting week WITH exercise sessions, meditation, lectures, and overnight stay at Hotel Sacher Baden<\/strong> (6 nights | 7 days)<\/p>\n\n\n\n<ul class=\"wp-block-list\">\n<li>All juices, soups, and teas<\/li>\n\n\n\n<li>Eating all meals together<\/li>\n\n\n\n<li>Joint morning program with lectures, exercise, meditation<\/li>\n\n\n\n<li>Joint evening program including soup, lectures, meditations<\/li>\n\n\n\n<li>Introduction guide sent in advance by email<\/li>\n\n\n\n<li>Recipe booklet including instructions for the subsequent build-up days <\/li>\n\n\n\n<li>6 nights at the Hotel Sacher Baden<\/li>\n<\/ul>\n\n\n\n<p><strong>Kosten Package 1: 1.140,00 EUR<\/strong> per person (including accommodation\/fasting package, excluding local tax)<\/p>\n\n\n\n<p>Our fasting program combines classic Buchinger fasting with gentle impulses according to Anthony William and is supported by a comprehensive accompanying program.<\/p>\n\n\n\n<p>One week before the start, you will receive an email with detailed instructions for the fasting days, recipe suggestions, and tips for physical and mental preparation. The joint fasting program begins on April 19 with an introductory morning session, a presentation on the week's schedule, and instructions on how to empty your bowels using Epsom salts.<\/p>\n\n\n\n<p>Starting on April 20, there will be daily guided sessions: fresh juices in the morning, followed by exercise such as walking, yoga, or moderate muscle strengthening, depending on the weather. Another juice will be served at lunchtime, and the afternoon will be devoted to regeneration, liver wraps, and enemas. In the evening, we will meet for vegetable broth together. This will be followed by either a short lecture, meditation, or relaxation exercise.<\/p>\n\n\n\n<p>The days from April 20 to 24 follow this clear structure of exercise, rest, and evening gatherings. The focus is on physical relief, inner alignment, and mindfulness.<\/p>\n\n\n\n<p>On April 25, we will break the fast together and end the week with a final round. To conclude, you will receive a recipe book for the recovery days of the following week and further detox tips to help you make a gentle and conscious transition to a more mindful diet.<\/p>\n\n\n\n<p>The fasting week will take place if at least 10 people register.<\/p>\n\n\n\n<p>Participation in the supervised fasting week is exclusively for healthy individuals; it does not replace medical advice or treatment. If you have any existing health issues or uncertainties, please seek medical advice in advance.<\/p>\n\n\n\n<ul class=\"wp-block-list\">\n<li>Booking request:&nbsp;<a href=\"mailto:office@cmk-consulting.at\">Request<\/a>&nbsp;or by telephone: 0043 (0)2252 253 260<\/li>\n\n\n\n<li>For questions about fasting support: Contact persons<\/li>\n\n\n\n<li>Mag.a Claudia M. K\u00fcrzl: 0043 664 220 71 69 bzw. office@cmk-consulting.at <\/li>\n\n\n\n<li>Gabriele Brunner: 0664 171 61 66 bzw. office@gabriele-brunner.at <\/li>\n<\/ul>\n<\/div><\/div><\/div>\n<\/div><\/div>\n<\/div><\/div><\/div>\n<\/div><\/div>\n<\/div><\/div><\/div>\n<\/div><\/div>","protected":false},"excerpt":{"rendered":"<p>Ideale Vorbereitung auf den Sommer Die Kombination aus klassischem Buchinger-Fasten (S\u00e4fte, Gem\u00fcsebr\u00fchen, Tee, Wasser) und erg\u00e4nzenden Impulsen nach Anthony Williams (Selleriesaft-Inspiration, leichte Leberentlastung) erm\u00f6glicht einen sanften und zugleich tiefgreifenden Restart. Die begleitete Fastenwoche dient der Entlastung, inneren Ausrichtung, Entschleunigung und Regeneration. G\u00f6nnen Sie sich selbst diese Auszeit f\u00fcr Ihre Gesundheit! Wir freuen uns auf Sie! [&hellip;]<\/p>","protected":false},"author":6,"featured_media":0,"parent":0,"menu_order":0,"comment_status":"closed","ping_status":"closed","template":"","meta":{"_acf_changed":false,"footnotes":""},"class_list":["post-3243","page","type-page","status-publish","hentry"],"blocksy_meta":[],"acf":[],"_links":{"self":[{"href":"https:\/\/hotelsacherbaden.com\/en\/wp-json\/wp\/v2\/pages\/3243","targetHints":{"allow":["GET"]}}],"collection":[{"href":"https:\/\/hotelsacherbaden.com\/en\/wp-json\/wp\/v2\/pages"}],"about":[{"href":"https:\/\/hotelsacherbaden.com\/en\/wp-json\/wp\/v2\/types\/page"}],"author":[{"embeddable":true,"href":"https:\/\/hotelsacherbaden.com\/en\/wp-json\/wp\/v2\/users\/6"}],"replies":[{"embeddable":true,"href":"https:\/\/hotelsacherbaden.com\/en\/wp-json\/wp\/v2\/comments?post=3243"}],"version-history":[{"count":14,"href":"https:\/\/hotelsacherbaden.com\/en\/wp-json\/wp\/v2\/pages\/3243\/revisions"}],"predecessor-version":[{"id":3388,"href":"https:\/\/hotelsacherbaden.com\/en\/wp-json\/wp\/v2\/pages\/3243\/revisions\/3388"}],"wp:attachment":[{"href":"https:\/\/hotelsacherbaden.com\/en\/wp-json\/wp\/v2\/media?parent=3243"}],"curies":[{"name":"wp","href":"https:\/\/api.w.org\/{rel}","templated":true}]}}

<div class="wp-block-stackable-columns alignfull stk-block-columns stk-block stk-c5c3074 stk-block-background" data-block-id="c5c3074"><style>.stk-c5c3074 .stk--block-align-c5c3074{align-items:center !important;}.stk-c5c3074 {background-color:#00000000 !important;align-items:center !important;margin-bottom:0px !important;display:flex !important;}.stk-c5c3074:before{background-color:#00000000 !important;}.stk-c5c3074-column{--stk-columns-spacing:0px !important;}</style><div class="stk-row stk-inner-blocks has-text-align-left stk--block-align-c5c3074 stk-block-content stk-content-align stk-c5c3074-column alignfull">
<div class="wp-block-stackable-column stk-block-column stk-column stk-block stk-ba90a80" data-v="4" data-block-id="ba90a80"><style>.stk-ba90a80 {align-self:center !important;}</style><div class="stk-column-wrapper stk-block-column__content stk-container stk-ba90a80-container stk--no-background stk--no-padding"><div class="stk-block-content stk-inner-blocks stk-ba90a80-inner-blocks">
<div class="wp-block-stackable-columns stk-block-columns stk-block stk-68d6bd4" data-block-id="68d6bd4"><style>.stk-68d6bd4 .stk--block-align-68d6bd4{align-items:center !important;}.stk-68d6bd4-column{--stk-column-gap:48px !important;}</style><div class="stk-row stk-inner-blocks stk--block-align-68d6bd4 stk-block-content stk-content-align stk-68d6bd4-column">
<div class="wp-block-stackable-column stk-block-column stk-column stk-block stk-ab7e65a" data-v="4" data-block-id="ab7e65a"><style>.stk-ab7e65a {align-self:flex-start !important;}</style><div class="stk-column-wrapper stk-block-column__content stk-container stk-ab7e65a-container stk--no-background stk--no-padding"><div class="stk-block-content stk-inner-blocks stk-ab7e65a-inner-blocks">
<figure class="wp-block-image size-full"><img loading="lazy" decoding="async" width="2560" height="2146" src="https://hotelsacherbaden.com/wp-content/uploads/2026/02/2026-04-19-Fastenwoche-FB-scaled.jpg" alt="Hotel Sacher Baden" class="wp-image-3385" title="" srcset="https://hotelsacherbaden.com/wp-content/uploads/2026/02/2026-04-19-Fastenwoche-FB-scaled.jpg 2560w, https://hotelsacherbaden.com/wp-content/uploads/2026/02/2026-04-19-Fastenwoche-FB-300x251.jpg 300w, https://hotelsacherbaden.com/wp-content/uploads/2026/02/2026-04-19-Fastenwoche-FB-1024x858.jpg 1024w, https://hotelsacherbaden.com/wp-content/uploads/2026/02/2026-04-19-Fastenwoche-FB-768x644.jpg 768w, https://hotelsacherbaden.com/wp-content/uploads/2026/02/2026-04-19-Fastenwoche-FB-1536x1288.jpg 1536w, https://hotelsacherbaden.com/wp-content/uploads/2026/02/2026-04-19-Fastenwoche-FB-2048x1717.jpg 2048w, https://hotelsacherbaden.com/wp-content/uploads/2026/02/2026-04-19-Fastenwoche-FB-14x12.jpg 14w" sizes="auto, (max-width: 2560px) 100vw, 2560px" /></figure>
</div></div></div>



<div class="wp-block-stackable-column stk-block-column stk-column stk-block stk-e7dd76b" data-v="4" data-block-id="e7dd76b"><div class="stk-column-wrapper stk-block-column__content stk-container stk-e7dd76b-container stk--no-background stk--no-padding"><div class="stk-block-content stk-inner-blocks stk-e7dd76b-inner-blocks">
<div class="wp-block-stackable-columns stk-block-columns stk-block stk-de92acc" data-block-id="de92acc"><style>.stk-de92acc {margin-bottom:0px !important;}.stk-de92acc-column{--stk-columns-spacing:0px !important;}</style><div class="stk-row stk-inner-blocks stk-block-content stk-content-align stk-de92acc-column">
<div class="wp-block-stackable-column stk-block-column stk-column stk-block stk-4915d79" data-v="4" data-block-id="4915d79"><style>.stk-4915d79 {align-self:center !important;}</style><div class="stk-column-wrapper stk-block-column__content stk-container stk-4915d79-container stk--no-background stk--no-padding"><div class="stk-block-content stk-inner-blocks stk-4915d79-inner-blocks">
<div class="wp-block-stackable-heading stk-block-heading stk-block-heading--v2 stk-block stk-7068ac3" id="ideale-vorbereitung-auf-den-sommer" data-block-id="7068ac3"><style>.stk-7068ac3 .stk-block-heading__text{font-size:3em !important;font-family:"Great Vibes", Sans-serif !important;}@media screen and (max-width:999px){.stk-7068ac3 .stk-block-heading__text{font-size:3em !important;}}</style><h2 class="stk-block-heading__text">Ideal preparation for summer</h2></div>
</div></div></div>
</div></div>



<div class="wp-block-stackable-columns stk-block-columns stk-block stk-07788c5" data-block-id="07788c5"><div class="stk-row stk-inner-blocks stk-block-content stk-content-align stk-07788c5-column">
<div class="wp-block-stackable-column stk-block-column stk-column stk-block stk-80fbf21" data-v="4" data-block-id="80fbf21"><div class="stk-column-wrapper stk-block-column__content stk-container stk-80fbf21-container stk--no-background stk--no-padding"><div class="stk-block-content stk-inner-blocks stk-80fbf21-inner-blocks">
<p>The combination of classic Buchinger fasting (juices, vegetable broths, tea, water) and complementary impulses according to Anthony Williams (celery juice inspiration, gentle liver relief) enables a gentle yet profound restart. The guided fasting week serves to relieve stress, promote inner focus, slow down, and regenerate.</p>



<p>Treat yourself to this break for your health! We look forward to seeing you!</p>



<p><strong>Fasting week WITH exercise sessions, meditation, lectures, and overnight stay at Hotel Sacher Baden</strong> (6 nights | 7 days)</p>



<ul class="wp-block-list">
<li>All juices, soups, and teas</li>



<li>Eating all meals together</li>



<li>Joint morning program with lectures, exercise, meditation</li>



<li>Joint evening program including soup, lectures, meditations</li>



<li>Introduction guide sent in advance by email</li>



<li>Recipe booklet including instructions for the subsequent build-up days </li>



<li>6 nights at the Hotel Sacher Baden</li>
</ul>



<p><strong>Kosten Package 1: 1.140,00 EUR</strong> per person (including accommodation/fasting package, excluding local tax)</p>



<p>Our fasting program combines classic Buchinger fasting with gentle impulses according to Anthony William and is supported by a comprehensive accompanying program.</p>



<p>One week before the start, you will receive an email with detailed instructions for the fasting days, recipe suggestions, and tips for physical and mental preparation. The joint fasting program begins on April 19 with an introductory morning session, a presentation on the week's schedule, and instructions on how to empty your bowels using Epsom salts.</p>



<p>Starting on April 20, there will be daily guided sessions: fresh juices in the morning, followed by exercise such as walking, yoga, or moderate muscle strengthening, depending on the weather. Another juice will be served at lunchtime, and the afternoon will be devoted to regeneration, liver wraps, and enemas. In the evening, we will meet for vegetable broth together. This will be followed by either a short lecture, meditation, or relaxation exercise.</p>



<p>The days from April 20 to 24 follow this clear structure of exercise, rest, and evening gatherings. The focus is on physical relief, inner alignment, and mindfulness.</p>



<p>On April 25, we will break the fast together and end the week with a final round. To conclude, you will receive a recipe book for the recovery days of the following week and further detox tips to help you make a gentle and conscious transition to a more mindful diet.</p>



<p>The fasting week will take place if at least 10 people register.</p>



<p>Participation in the supervised fasting week is exclusively for healthy individuals; it does not replace medical advice or treatment. If you have any existing health issues or uncertainties, please seek medical advice in advance.</p>



<ul class="wp-block-list">
<li>Booking request:&nbsp;<a href="mailto:office@cmk-consulting.at">Request</a>&nbsp;or by telephone: 0043 (0)2252 253 260</li>



<li>For questions about fasting support: Contact persons</li>



<li>Mag.a Claudia M. Kürzl: 0043 664 220 71 69 bzw. office@cmk-consulting.at </li>



<li>Gabriele Brunner: 0664 171 61 66 bzw. office@gabriele-brunner.at </li>
</ul>
</div></div></div>
</div></div>
</div></div></div>
</div></div>
</div></div></div>
</div></div>

<p>Ideale Vorbereitung auf den Sommer Die Kombination aus klassischem Buchinger-Fasten (Säfte, Gemüsebrühen, Tee, Wasser) und ergänzenden Impulsen nach Anthony Williams (Selleriesaft-Inspiration, leichte Leberentlastung) ermöglicht einen sanften und zugleich tiefgreifenden Restart. Die begleitete Fastenwoche dient der Entlastung, inneren Ausrichtung, Entschleunigung und Regeneration. Gönnen Sie sich selbst diese Auszeit für Ihre Gesundheit! Wir freuen uns auf Sie! [&hellip;]</p>
